{"id":1544,"date":"2022-04-23T10:23:41","date_gmt":"2022-04-23T13:23:41","guid":{"rendered":"https:\/\/masatermica.com\/blog\/?page_id=1544"},"modified":"2023-08-03T12:24:14","modified_gmt":"2023-08-03T15:24:14","slug":"rocket-patagonica","status":"publish","type":"page","link":"https:\/\/masatermica.online\/blog\/?page_id=1544","title":{"rendered":"Estufa Patag\u00f3nica"},"content":{"rendered":"\n<p>Un modelo que <strong>combina<\/strong> <strong>eficiencia<\/strong>, <strong>econom\u00eda<\/strong> <strong>y sostenibilidad<\/strong> <strong>en un dise\u00f1o elegante y compacto<\/strong>. Esta estufa de masa t\u00e9rmica es <strong>capaz de emitir calor instant\u00e1neamente<\/strong>, mientras mantiene un consumo de le\u00f1a m\u00ednimo. Pese a ser nuestro modelo m\u00e1s econ\u00f3mico, su calidad y rendimiento est\u00e1n a la altura de las expectativas m\u00e1s altas.<\/p>\n\n\n<div class=\"wp-block-image is-style-default\">\n<figure class=\"aligncenter\"><img data-recalc-dims=\"1\" fetchpriority=\"high\" decoding=\"async\" width=\"1024\" height=\"768\" data-attachment-id=\"2845\" data-permalink=\"https:\/\/masatermica.online\/blog\/?attachment_id=2845#main\" data-orig-file=\"https:\/\/i0.wp.com\/masatermica.online\/blog\/wp-content\/uploads\/2023\/03\/photo_4945354391658015896_y.jpg?fit=1280%2C960&amp;ssl=1\" data-orig-size=\"1280,960\" data-comments-opened=\"1\" data-image-meta=\"{&quot;aperture&quot;:&quot;0&quot;,&quot;credit&quot;:&quot;&quot;,&quot;camera&quot;:&quot;&quot;,&quot;caption&quot;:&quot;&quot;,&quot;created_timestamp&quot;:&quot;0&quot;,&quot;copyright&quot;:&quot;&quot;,&quot;focal_length&quot;:&quot;0&quot;,&quot;iso&quot;:&quot;0&quot;,&quot;shutter_speed&quot;:&quot;0&quot;,&quot;title&quot;:&quot;&quot;,&quot;orientation&quot;:&quot;0&quot;}\" data-image-title=\"photo_4945354391658015896_y\" data-image-description=\"\" data-image-caption=\"\" data-medium-file=\"https:\/\/i0.wp.com\/masatermica.online\/blog\/wp-content\/uploads\/2023\/03\/photo_4945354391658015896_y.jpg?fit=300%2C225&amp;ssl=1\" data-large-file=\"https:\/\/i0.wp.com\/masatermica.online\/blog\/wp-content\/uploads\/2023\/03\/photo_4945354391658015896_y.jpg?fit=1024%2C768&amp;ssl=1\" src=\"https:\/\/i0.wp.com\/masatermica.online\/blog\/wp-content\/uploads\/2023\/03\/photo_4945354391658015896_y.jpg?resize=1024%2C768&#038;ssl=1\" alt=\"\" class=\"wp-image-2845\" srcset=\"https:\/\/i0.wp.com\/masatermica.online\/blog\/wp-content\/uploads\/2023\/03\/photo_4945354391658015896_y.jpg?resize=1024%2C768&amp;ssl=1 1024w, https:\/\/i0.wp.com\/masatermica.online\/blog\/wp-content\/uploads\/2023\/03\/photo_4945354391658015896_y.jpg?resize=300%2C225&amp;ssl=1 300w, https:\/\/i0.wp.com\/masatermica.online\/blog\/wp-content\/uploads\/2023\/03\/photo_4945354391658015896_y.jpg?resize=768%2C576&amp;ssl=1 768w, https:\/\/i0.wp.com\/masatermica.online\/blog\/wp-content\/uploads\/2023\/03\/photo_4945354391658015896_y.jpg?w=1280&amp;ssl=1 1280w\" sizes=\"(max-width: 1024px) 100vw, 1024px\" \/><\/figure><\/div>\n\n\n<p>La Estufa Patag\u00f3nica <strong>ofrece el doble de autonom\u00eda que una estufa Rocket Jota<\/strong>. Adem\u00e1s, gracias a su banco campana, <strong>su eficiencia energ\u00e9tica supera a cualquier estufa con banco de conductos<\/strong>, optimizando a\u00fan m\u00e1s su consumo de le\u00f1a y maximizando la emisi\u00f3n de calor.<\/p>\n\n\n<div class=\"wp-block-image is-style-rounded\">\n<figure class=\"aligncenter\"><img data-recalc-dims=\"1\" decoding=\"async\" width=\"576\" height=\"1024\" data-attachment-id=\"2838\" data-permalink=\"https:\/\/masatermica.online\/blog\/?attachment_id=2838#main\" data-orig-file=\"https:\/\/i0.wp.com\/masatermica.online\/blog\/wp-content\/uploads\/2023\/03\/photo_4945354391658015903_y.jpg?fit=720%2C1280&amp;ssl=1\" data-orig-size=\"720,1280\" data-comments-opened=\"1\" data-image-meta=\"{&quot;aperture&quot;:&quot;0&quot;,&quot;credit&quot;:&quot;&quot;,&quot;camera&quot;:&quot;&quot;,&quot;caption&quot;:&quot;&quot;,&quot;created_timestamp&quot;:&quot;0&quot;,&quot;copyright&quot;:&quot;&quot;,&quot;focal_length&quot;:&quot;0&quot;,&quot;iso&quot;:&quot;0&quot;,&quot;shutter_speed&quot;:&quot;0&quot;,&quot;title&quot;:&quot;&quot;,&quot;orientation&quot;:&quot;0&quot;}\" data-image-title=\"photo_4945354391658015903_y\" data-image-description=\"\" data-image-caption=\"\" data-medium-file=\"https:\/\/i0.wp.com\/masatermica.online\/blog\/wp-content\/uploads\/2023\/03\/photo_4945354391658015903_y.jpg?fit=169%2C300&amp;ssl=1\" data-large-file=\"https:\/\/i0.wp.com\/masatermica.online\/blog\/wp-content\/uploads\/2023\/03\/photo_4945354391658015903_y.jpg?fit=576%2C1024&amp;ssl=1\" src=\"https:\/\/i0.wp.com\/masatermica.online\/blog\/wp-content\/uploads\/2023\/03\/photo_4945354391658015903_y.jpg?resize=576%2C1024&#038;ssl=1\" alt=\"\" class=\"wp-image-2838\" srcset=\"https:\/\/i0.wp.com\/masatermica.online\/blog\/wp-content\/uploads\/2023\/03\/photo_4945354391658015903_y.jpg?resize=576%2C1024&amp;ssl=1 576w, https:\/\/i0.wp.com\/masatermica.online\/blog\/wp-content\/uploads\/2023\/03\/photo_4945354391658015903_y.jpg?resize=169%2C300&amp;ssl=1 169w, https:\/\/i0.wp.com\/masatermica.online\/blog\/wp-content\/uploads\/2023\/03\/photo_4945354391658015903_y.jpg?w=720&amp;ssl=1 720w\" sizes=\"(max-width: 576px) 100vw, 576px\" \/><\/figure><\/div>\n\n\n<p>Construida con 250 ladrillos cocidos, 30 ladrillos cer\u00e1micos y 35 ladrillos refractarios, la Estufa Patag\u00f3nica destaca por su econom\u00eda de construcci\u00f3n. Aunque este modelo no viene con un horno incorporado, su <strong>banco de 2 metros<\/strong> ofrece un c\u00f3modo espacio para disfrutar del calor.<\/p>\n\n\n<div class=\"wp-block-image\">\n<figure class=\"aligncenter\"><img data-recalc-dims=\"1\" decoding=\"async\" width=\"576\" height=\"1024\" data-attachment-id=\"2839\" data-permalink=\"https:\/\/masatermica.online\/blog\/?attachment_id=2839#main\" data-orig-file=\"https:\/\/i0.wp.com\/masatermica.online\/blog\/wp-content\/uploads\/2023\/03\/photo_4945354391658015902_y.jpg?fit=720%2C1280&amp;ssl=1\" data-orig-size=\"720,1280\" data-comments-opened=\"1\" data-image-meta=\"{&quot;aperture&quot;:&quot;0&quot;,&quot;credit&quot;:&quot;&quot;,&quot;camera&quot;:&quot;&quot;,&quot;caption&quot;:&quot;&quot;,&quot;created_timestamp&quot;:&quot;0&quot;,&quot;copyright&quot;:&quot;&quot;,&quot;focal_length&quot;:&quot;0&quot;,&quot;iso&quot;:&quot;0&quot;,&quot;shutter_speed&quot;:&quot;0&quot;,&quot;title&quot;:&quot;&quot;,&quot;orientation&quot;:&quot;0&quot;}\" data-image-title=\"photo_4945354391658015902_y\" data-image-description=\"\" data-image-caption=\"\" data-medium-file=\"https:\/\/i0.wp.com\/masatermica.online\/blog\/wp-content\/uploads\/2023\/03\/photo_4945354391658015902_y.jpg?fit=169%2C300&amp;ssl=1\" data-large-file=\"https:\/\/i0.wp.com\/masatermica.online\/blog\/wp-content\/uploads\/2023\/03\/photo_4945354391658015902_y.jpg?fit=576%2C1024&amp;ssl=1\" src=\"https:\/\/i0.wp.com\/masatermica.online\/blog\/wp-content\/uploads\/2023\/03\/photo_4945354391658015902_y.jpg?resize=576%2C1024&#038;ssl=1\" alt=\"\" class=\"wp-image-2839\" srcset=\"https:\/\/i0.wp.com\/masatermica.online\/blog\/wp-content\/uploads\/2023\/03\/photo_4945354391658015902_y.jpg?resize=576%2C1024&amp;ssl=1 576w, https:\/\/i0.wp.com\/masatermica.online\/blog\/wp-content\/uploads\/2023\/03\/photo_4945354391658015902_y.jpg?resize=169%2C300&amp;ssl=1 169w, https:\/\/i0.wp.com\/masatermica.online\/blog\/wp-content\/uploads\/2023\/03\/photo_4945354391658015902_y.jpg?w=720&amp;ssl=1 720w\" sizes=\"(max-width: 576px) 100vw, 576px\" \/><\/figure><\/div>\n\n\n<p>La Patag\u00f3nica viene equipada con una <strong>campana de tambor reciclado<\/strong>, aportando una nota de <strong>sostenibilidad y respeto por el medio ambiente<\/strong> a su dise\u00f1o. Este modelo es capaz de calefaccionar <strong>superficies de hasta 80 metros cuadrados<\/strong>, lo que la convierte en una opci\u00f3n ideal para espacios de tama\u00f1o mediano.<\/p>\n\n\n<div class=\"wp-block-image\">\n<figure class=\"aligncenter\"><img data-recalc-dims=\"1\" loading=\"lazy\" decoding=\"async\" width=\"576\" height=\"1024\" data-attachment-id=\"2840\" data-permalink=\"https:\/\/masatermica.online\/blog\/?attachment_id=2840#main\" data-orig-file=\"https:\/\/i0.wp.com\/masatermica.online\/blog\/wp-content\/uploads\/2023\/03\/photo_4945354391658015901_y.jpg?fit=720%2C1280&amp;ssl=1\" data-orig-size=\"720,1280\" data-comments-opened=\"1\" data-image-meta=\"{&quot;aperture&quot;:&quot;0&quot;,&quot;credit&quot;:&quot;&quot;,&quot;camera&quot;:&quot;&quot;,&quot;caption&quot;:&quot;&quot;,&quot;created_timestamp&quot;:&quot;0&quot;,&quot;copyright&quot;:&quot;&quot;,&quot;focal_length&quot;:&quot;0&quot;,&quot;iso&quot;:&quot;0&quot;,&quot;shutter_speed&quot;:&quot;0&quot;,&quot;title&quot;:&quot;&quot;,&quot;orientation&quot;:&quot;0&quot;}\" data-image-title=\"photo_4945354391658015901_y\" data-image-description=\"\" data-image-caption=\"\" data-medium-file=\"https:\/\/i0.wp.com\/masatermica.online\/blog\/wp-content\/uploads\/2023\/03\/photo_4945354391658015901_y.jpg?fit=169%2C300&amp;ssl=1\" data-large-file=\"https:\/\/i0.wp.com\/masatermica.online\/blog\/wp-content\/uploads\/2023\/03\/photo_4945354391658015901_y.jpg?fit=576%2C1024&amp;ssl=1\" src=\"https:\/\/i0.wp.com\/masatermica.online\/blog\/wp-content\/uploads\/2023\/03\/photo_4945354391658015901_y.jpg?resize=576%2C1024&#038;ssl=1\" alt=\"\" class=\"wp-image-2840\" srcset=\"https:\/\/i0.wp.com\/masatermica.online\/blog\/wp-content\/uploads\/2023\/03\/photo_4945354391658015901_y.jpg?resize=576%2C1024&amp;ssl=1 576w, https:\/\/i0.wp.com\/masatermica.online\/blog\/wp-content\/uploads\/2023\/03\/photo_4945354391658015901_y.jpg?resize=169%2C300&amp;ssl=1 169w, https:\/\/i0.wp.com\/masatermica.online\/blog\/wp-content\/uploads\/2023\/03\/photo_4945354391658015901_y.jpg?w=720&amp;ssl=1 720w\" sizes=\"(max-width: 576px) 100vw, 576px\" \/><\/figure><\/div>\n\n\n<p>Elige la Estufa Patag\u00f3nica si buscas una soluci\u00f3n de calefacci\u00f3n potente, econ\u00f3mica y sostenible sin sacrificar el rendimiento y la calidad.<\/p>\n\n\n<div class=\"wp-block-image\">\n<figure class=\"aligncenter\"><img data-recalc-dims=\"1\" loading=\"lazy\" decoding=\"async\" width=\"576\" height=\"1024\" data-attachment-id=\"2841\" data-permalink=\"https:\/\/masatermica.online\/blog\/?attachment_id=2841#main\" data-orig-file=\"https:\/\/i0.wp.com\/masatermica.online\/blog\/wp-content\/uploads\/2023\/03\/photo_4945354391658015900_y.jpg?fit=720%2C1280&amp;ssl=1\" data-orig-size=\"720,1280\" data-comments-opened=\"1\" data-image-meta=\"{&quot;aperture&quot;:&quot;0&quot;,&quot;credit&quot;:&quot;&quot;,&quot;camera&quot;:&quot;&quot;,&quot;caption&quot;:&quot;&quot;,&quot;created_timestamp&quot;:&quot;0&quot;,&quot;copyright&quot;:&quot;&quot;,&quot;focal_length&quot;:&quot;0&quot;,&quot;iso&quot;:&quot;0&quot;,&quot;shutter_speed&quot;:&quot;0&quot;,&quot;title&quot;:&quot;&quot;,&quot;orientation&quot;:&quot;0&quot;}\" data-image-title=\"photo_4945354391658015900_y\" data-image-description=\"\" data-image-caption=\"\" data-medium-file=\"https:\/\/i0.wp.com\/masatermica.online\/blog\/wp-content\/uploads\/2023\/03\/photo_4945354391658015900_y.jpg?fit=169%2C300&amp;ssl=1\" data-large-file=\"https:\/\/i0.wp.com\/masatermica.online\/blog\/wp-content\/uploads\/2023\/03\/photo_4945354391658015900_y.jpg?fit=576%2C1024&amp;ssl=1\" src=\"https:\/\/i0.wp.com\/masatermica.online\/blog\/wp-content\/uploads\/2023\/03\/photo_4945354391658015900_y.jpg?resize=576%2C1024&#038;ssl=1\" alt=\"\" class=\"wp-image-2841\" srcset=\"https:\/\/i0.wp.com\/masatermica.online\/blog\/wp-content\/uploads\/2023\/03\/photo_4945354391658015900_y.jpg?resize=576%2C1024&amp;ssl=1 576w, https:\/\/i0.wp.com\/masatermica.online\/blog\/wp-content\/uploads\/2023\/03\/photo_4945354391658015900_y.jpg?resize=169%2C300&amp;ssl=1 169w, https:\/\/i0.wp.com\/masatermica.online\/blog\/wp-content\/uploads\/2023\/03\/photo_4945354391658015900_y.jpg?w=720&amp;ssl=1 720w\" sizes=\"(max-width: 576px) 100vw, 576px\" \/><\/figure><\/div>\n\n<div class=\"wp-block-image\">\n<figure class=\"aligncenter\"><img data-recalc-dims=\"1\" loading=\"lazy\" decoding=\"async\" width=\"576\" height=\"1024\" data-attachment-id=\"2842\" data-permalink=\"https:\/\/masatermica.online\/blog\/?attachment_id=2842#main\" data-orig-file=\"https:\/\/i0.wp.com\/masatermica.online\/blog\/wp-content\/uploads\/2023\/03\/photo_4945354391658015899_y.jpg?fit=720%2C1280&amp;ssl=1\" data-orig-size=\"720,1280\" data-comments-opened=\"1\" data-image-meta=\"{&quot;aperture&quot;:&quot;0&quot;,&quot;credit&quot;:&quot;&quot;,&quot;camera&quot;:&quot;&quot;,&quot;caption&quot;:&quot;&quot;,&quot;created_timestamp&quot;:&quot;0&quot;,&quot;copyright&quot;:&quot;&quot;,&quot;focal_length&quot;:&quot;0&quot;,&quot;iso&quot;:&quot;0&quot;,&quot;shutter_speed&quot;:&quot;0&quot;,&quot;title&quot;:&quot;&quot;,&quot;orientation&quot;:&quot;0&quot;}\" data-image-title=\"photo_4945354391658015899_y\" data-image-description=\"\" data-image-caption=\"\" data-medium-file=\"https:\/\/i0.wp.com\/masatermica.online\/blog\/wp-content\/uploads\/2023\/03\/photo_4945354391658015899_y.jpg?fit=169%2C300&amp;ssl=1\" data-large-file=\"https:\/\/i0.wp.com\/masatermica.online\/blog\/wp-content\/uploads\/2023\/03\/photo_4945354391658015899_y.jpg?fit=576%2C1024&amp;ssl=1\" src=\"https:\/\/i0.wp.com\/masatermica.online\/blog\/wp-content\/uploads\/2023\/03\/photo_4945354391658015899_y.jpg?resize=576%2C1024&#038;ssl=1\" alt=\"\" class=\"wp-image-2842\" srcset=\"https:\/\/i0.wp.com\/masatermica.online\/blog\/wp-content\/uploads\/2023\/03\/photo_4945354391658015899_y.jpg?resize=576%2C1024&amp;ssl=1 576w, https:\/\/i0.wp.com\/masatermica.online\/blog\/wp-content\/uploads\/2023\/03\/photo_4945354391658015899_y.jpg?resize=169%2C300&amp;ssl=1 169w, https:\/\/i0.wp.com\/masatermica.online\/blog\/wp-content\/uploads\/2023\/03\/photo_4945354391658015899_y.jpg?w=720&amp;ssl=1 720w\" sizes=\"(max-width: 576px) 100vw, 576px\" \/><\/figure><\/div>\n\n<div class=\"wp-block-image\">\n<figure class=\"aligncenter\"><img data-recalc-dims=\"1\" loading=\"lazy\" decoding=\"async\" width=\"768\" height=\"1024\" data-attachment-id=\"2843\" data-permalink=\"https:\/\/masatermica.online\/blog\/?attachment_id=2843#main\" data-orig-file=\"https:\/\/i0.wp.com\/masatermica.online\/blog\/wp-content\/uploads\/2023\/03\/photo_4945354391658015898_y.jpg?fit=960%2C1280&amp;ssl=1\" data-orig-size=\"960,1280\" data-comments-opened=\"1\" data-image-meta=\"{&quot;aperture&quot;:&quot;0&quot;,&quot;credit&quot;:&quot;&quot;,&quot;camera&quot;:&quot;&quot;,&quot;caption&quot;:&quot;&quot;,&quot;created_timestamp&quot;:&quot;0&quot;,&quot;copyright&quot;:&quot;&quot;,&quot;focal_length&quot;:&quot;0&quot;,&quot;iso&quot;:&quot;0&quot;,&quot;shutter_speed&quot;:&quot;0&quot;,&quot;title&quot;:&quot;&quot;,&quot;orientation&quot;:&quot;0&quot;}\" data-image-title=\"photo_4945354391658015898_y\" data-image-description=\"\" data-image-caption=\"\" data-medium-file=\"https:\/\/i0.wp.com\/masatermica.online\/blog\/wp-content\/uploads\/2023\/03\/photo_4945354391658015898_y.jpg?fit=225%2C300&amp;ssl=1\" data-large-file=\"https:\/\/i0.wp.com\/masatermica.online\/blog\/wp-content\/uploads\/2023\/03\/photo_4945354391658015898_y.jpg?fit=768%2C1024&amp;ssl=1\" src=\"https:\/\/i0.wp.com\/masatermica.online\/blog\/wp-content\/uploads\/2023\/03\/photo_4945354391658015898_y.jpg?resize=768%2C1024&#038;ssl=1\" alt=\"\" class=\"wp-image-2843\" srcset=\"https:\/\/i0.wp.com\/masatermica.online\/blog\/wp-content\/uploads\/2023\/03\/photo_4945354391658015898_y.jpg?resize=768%2C1024&amp;ssl=1 768w, https:\/\/i0.wp.com\/masatermica.online\/blog\/wp-content\/uploads\/2023\/03\/photo_4945354391658015898_y.jpg?resize=225%2C300&amp;ssl=1 225w, https:\/\/i0.wp.com\/masatermica.online\/blog\/wp-content\/uploads\/2023\/03\/photo_4945354391658015898_y.jpg?w=960&amp;ssl=1 960w\" sizes=\"(max-width: 768px) 100vw, 768px\" \/><\/figure><\/div>\n\n<div class=\"wp-block-image\">\n<figure class=\"aligncenter\"><img data-recalc-dims=\"1\" loading=\"lazy\" decoding=\"async\" width=\"1024\" height=\"768\" data-attachment-id=\"2844\" data-permalink=\"https:\/\/masatermica.online\/blog\/?attachment_id=2844#main\" data-orig-file=\"https:\/\/i0.wp.com\/masatermica.online\/blog\/wp-content\/uploads\/2023\/03\/photo_4945354391658015897_y.jpg?fit=1280%2C960&amp;ssl=1\" data-orig-size=\"1280,960\" data-comments-opened=\"1\" data-image-meta=\"{&quot;aperture&quot;:&quot;0&quot;,&quot;credit&quot;:&quot;&quot;,&quot;camera&quot;:&quot;&quot;,&quot;caption&quot;:&quot;&quot;,&quot;created_timestamp&quot;:&quot;0&quot;,&quot;copyright&quot;:&quot;&quot;,&quot;focal_length&quot;:&quot;0&quot;,&quot;iso&quot;:&quot;0&quot;,&quot;shutter_speed&quot;:&quot;0&quot;,&quot;title&quot;:&quot;&quot;,&quot;orientation&quot;:&quot;0&quot;}\" data-image-title=\"photo_4945354391658015897_y\" data-image-description=\"\" data-image-caption=\"\" data-medium-file=\"https:\/\/i0.wp.com\/masatermica.online\/blog\/wp-content\/uploads\/2023\/03\/photo_4945354391658015897_y.jpg?fit=300%2C225&amp;ssl=1\" data-large-file=\"https:\/\/i0.wp.com\/masatermica.online\/blog\/wp-content\/uploads\/2023\/03\/photo_4945354391658015897_y.jpg?fit=1024%2C768&amp;ssl=1\" src=\"https:\/\/i0.wp.com\/masatermica.online\/blog\/wp-content\/uploads\/2023\/03\/photo_4945354391658015897_y.jpg?resize=1024%2C768&#038;ssl=1\" alt=\"\" class=\"wp-image-2844\" srcset=\"https:\/\/i0.wp.com\/masatermica.online\/blog\/wp-content\/uploads\/2023\/03\/photo_4945354391658015897_y.jpg?resize=1024%2C768&amp;ssl=1 1024w, https:\/\/i0.wp.com\/masatermica.online\/blog\/wp-content\/uploads\/2023\/03\/photo_4945354391658015897_y.jpg?resize=300%2C225&amp;ssl=1 300w, https:\/\/i0.wp.com\/masatermica.online\/blog\/wp-content\/uploads\/2023\/03\/photo_4945354391658015897_y.jpg?resize=768%2C576&amp;ssl=1 768w, https:\/\/i0.wp.com\/masatermica.online\/blog\/wp-content\/uploads\/2023\/03\/photo_4945354391658015897_y.jpg?w=1280&amp;ssl=1 1280w\" sizes=\"(max-width: 1024px) 100vw, 1024px\" \/><\/figure><\/div>\n\n\n<p><\/p>\n","protected":false},"excerpt":{"rendered":"<p>Un modelo que combina eficiencia, econom\u00eda y sostenibilidad en un dise\u00f1o elegante y compacto. Esta estufa de masa t\u00e9rmica es capaz de emitir calor instant\u00e1neamente, mientras mantiene un consumo de le\u00f1a m\u00ednimo. Pese a ser nuestro modelo m\u00e1s econ\u00f3mico, su calidad y rendimiento est\u00e1n a la altura de las expectativas m\u00e1s altas. La Estufa Patag\u00f3nica &#8230; <a title=\"Estufa Patag\u00f3nica\" class=\"read-more\" href=\"https:\/\/masatermica.online\/blog\/?page_id=1544\" aria-label=\"M\u00e1s en Estufa Patag\u00f3nica\">Leer m\u00e1s<\/a><\/p>\n","protected":false},"author":1,"featured_media":0,"parent":0,"menu_order":0,"comment_status":"closed","ping_status":"closed","template":"","meta":{"give_campaign_id":0,"_monsterinsights_skip_tracking":false,"_monsterinsights_sitenote_active":false,"_monsterinsights_sitenote_note":"","_monsterinsights_sitenote_category":0,"advanced_seo_description":"","jetpack_seo_html_title":"","jetpack_seo_noindex":false,"footnotes":""},"class_list":["post-1544","page","type-page","status-publish"],"campaignId":"","jetpack-related-posts":[{"id":2847,"url":"https:\/\/masatermica.online\/blog\/?page_id=2847","url_meta":{"origin":1544,"position":0},"title":"Estufa Patag\u00f3nica con Horno","author":"adminblog","date":"17 marzo, 2023","format":false,"excerpt":"Una versi\u00f3n mejorada de nuestra aclamada Estufa Patag\u00f3nica que agrega una funcionalidad culinaria a su repertorio de caracter\u00edsticas destacadas. Este modelo incluye todas las prestaciones de la Estufa Patag\u00f3nica, con el agregado valioso de un horno blanco siempre activo. La Estufa Patag\u00f3nica con Horno te permite hornear a la vez\u2026","rel":"","context":"Entrada similar ","block_context":{"text":"Entrada similar ","link":""},"img":{"alt_text":"Ni\u00f1a en estufa de inercia t\u00e9rmica","src":"https:\/\/i0.wp.com\/masatermica.online\/blog\/wp-content\/uploads\/2023\/03\/IMG_20221221_173151825.jpg?resize=350%2C200&ssl=1","width":350,"height":200,"srcset":"https:\/\/i0.wp.com\/masatermica.online\/blog\/wp-content\/uploads\/2023\/03\/IMG_20221221_173151825.jpg?resize=350%2C200&ssl=1 1x, https:\/\/i0.wp.com\/masatermica.online\/blog\/wp-content\/uploads\/2023\/03\/IMG_20221221_173151825.jpg?resize=525%2C300&ssl=1 1.5x, https:\/\/i0.wp.com\/masatermica.online\/blog\/wp-content\/uploads\/2023\/03\/IMG_20221221_173151825.jpg?resize=700%2C400&ssl=1 2x"},"classes":[]},{"id":1377,"url":"https:\/\/masatermica.online\/blog\/?page_id=1377","url_meta":{"origin":1544,"position":1},"title":"Estufa Gymse Tradicional","author":"adminblog","date":"5 diciembre, 2021","format":false,"excerpt":"Im\u00e1genes de estufas Gymse tradicionales","rel":"","context":"Entrada similar ","block_context":{"text":"Entrada similar ","link":""},"img":{"alt_text":"Gymse tradicional con chimenea torsionada","src":"https:\/\/i0.wp.com\/masatermica.online\/blog\/wp-content\/uploads\/2022\/02\/photo4945485340915903179.jpg?resize=350%2C200&ssl=1","width":350,"height":200,"srcset":"https:\/\/i0.wp.com\/masatermica.online\/blog\/wp-content\/uploads\/2022\/02\/photo4945485340915903179.jpg?resize=350%2C200&ssl=1 1x, https:\/\/i0.wp.com\/masatermica.online\/blog\/wp-content\/uploads\/2022\/02\/photo4945485340915903179.jpg?resize=525%2C300&ssl=1 1.5x, https:\/\/i0.wp.com\/masatermica.online\/blog\/wp-content\/uploads\/2022\/02\/photo4945485340915903179.jpg?resize=700%2C400&ssl=1 2x, https:\/\/i0.wp.com\/masatermica.online\/blog\/wp-content\/uploads\/2022\/02\/photo4945485340915903179.jpg?resize=1050%2C600&ssl=1 3x"},"classes":[]},{"id":1812,"url":"https:\/\/masatermica.online\/blog\/?page_id=1812","url_meta":{"origin":1544,"position":2},"title":"Cursos disponibles","author":"adminblog","date":"9 septiembre, 2022","format":false,"excerpt":"Cursos de construcci\u00f3n de estufas y hornos eficientes","rel":"","context":"Entrada similar ","block_context":{"text":"Entrada similar ","link":""},"img":{"alt_text":"","src":"https:\/\/i0.wp.com\/masatermica.online\/blog\/wp-content\/uploads\/2022\/04\/IMG_20221027_122510727.jpg?resize=350%2C200&ssl=1","width":350,"height":200,"srcset":"https:\/\/i0.wp.com\/masatermica.online\/blog\/wp-content\/uploads\/2022\/04\/IMG_20221027_122510727.jpg?resize=350%2C200&ssl=1 1x, https:\/\/i0.wp.com\/masatermica.online\/blog\/wp-content\/uploads\/2022\/04\/IMG_20221027_122510727.jpg?resize=525%2C300&ssl=1 1.5x, https:\/\/i0.wp.com\/masatermica.online\/blog\/wp-content\/uploads\/2022\/04\/IMG_20221027_122510727.jpg?resize=700%2C400&ssl=1 2x"},"classes":[]},{"id":1393,"url":"https:\/\/masatermica.online\/blog\/?page_id=1393","url_meta":{"origin":1544,"position":3},"title":"Gymse combinada","author":"adminblog","date":"5 diciembre, 2021","format":false,"excerpt":"Una estufa de masa t\u00e9rmica que incorpora todas las caracter\u00edsticas excepcionales de la Gymse Tradicional con la adici\u00f3n de un horno siempre activo. Este modelo, adem\u00e1s de mejorar el confort de tu hogar y minimizar la manipulaci\u00f3n y fraccionamiento de le\u00f1a, te permite hornear deliciosas comidas gracias a su horno\u2026","rel":"","context":"Entrada similar ","block_context":{"text":"Entrada similar ","link":""},"img":{"alt_text":"","src":"https:\/\/i0.wp.com\/masatermica.online\/blog\/wp-content\/uploads\/2022\/02\/photo4945485340915903170.jpg?resize=350%2C200&ssl=1","width":350,"height":200,"srcset":"https:\/\/i0.wp.com\/masatermica.online\/blog\/wp-content\/uploads\/2022\/02\/photo4945485340915903170.jpg?resize=350%2C200&ssl=1 1x, https:\/\/i0.wp.com\/masatermica.online\/blog\/wp-content\/uploads\/2022\/02\/photo4945485340915903170.jpg?resize=525%2C300&ssl=1 1.5x, https:\/\/i0.wp.com\/masatermica.online\/blog\/wp-content\/uploads\/2022\/02\/photo4945485340915903170.jpg?resize=700%2C400&ssl=1 2x, https:\/\/i0.wp.com\/masatermica.online\/blog\/wp-content\/uploads\/2022\/02\/photo4945485340915903170.jpg?resize=1050%2C600&ssl=1 3x"},"classes":[]},{"id":1526,"url":"https:\/\/masatermica.online\/blog\/?page_id=1526","url_meta":{"origin":1544,"position":4},"title":"Primer taller presencial de construcci\u00f3n de Gymse Combinada","author":"adminblog","date":"25 febrero, 2022","format":false,"excerpt":"Rese\u00f1a e im\u00e1genes del primer taller de construcci\u00f3n de estufa Gymse Combinada en Chacra Millalen","rel":"","context":"Entrada similar ","block_context":{"text":"Entrada similar ","link":""},"img":{"alt_text":"","src":"https:\/\/i0.wp.com\/masatermica.online\/blog\/wp-content\/uploads\/2022\/03\/IMG_20220228_220054_518.webp?resize=350%2C200&ssl=1","width":350,"height":200,"srcset":"https:\/\/i0.wp.com\/masatermica.online\/blog\/wp-content\/uploads\/2022\/03\/IMG_20220228_220054_518.webp?resize=350%2C200&ssl=1 1x, https:\/\/i0.wp.com\/masatermica.online\/blog\/wp-content\/uploads\/2022\/03\/IMG_20220228_220054_518.webp?resize=525%2C300&ssl=1 1.5x, https:\/\/i0.wp.com\/masatermica.online\/blog\/wp-content\/uploads\/2022\/03\/IMG_20220228_220054_518.webp?resize=700%2C400&ssl=1 2x, https:\/\/i0.wp.com\/masatermica.online\/blog\/wp-content\/uploads\/2022\/03\/IMG_20220228_220054_518.webp?resize=1050%2C600&ssl=1 3x"},"classes":[]},{"id":3025,"url":"https:\/\/masatermica.online\/blog\/?page_id=3025","url_meta":{"origin":1544,"position":5},"title":"Estufa Patag\u00f3nica","author":"adminblog","date":"1 febrero, 2024","format":false,"excerpt":"Video de contrucci\u00f3n https:\/\/youtu.be\/NooHf183wKY?si=dy45upzCo5gOFb32","rel":"","context":"Entrada similar ","block_context":{"text":"Entrada similar ","link":""},"img":{"alt_text":"","src":"https:\/\/i0.wp.com\/img.youtube.com\/vi\/NooHf183wKY\/0.jpg?resize=350%2C200","width":350,"height":200},"classes":[]}],"jetpack_sharing_enabled":true,"jetpack_likes_enabled":false,"_links":{"self":[{"href":"https:\/\/masatermica.online\/blog\/index.php?rest_route=\/wp\/v2\/pages\/1544","targetHints":{"allow":["GET"]}}],"collection":[{"href":"https:\/\/masatermica.online\/blog\/index.php?rest_route=\/wp\/v2\/pages"}],"about":[{"href":"https:\/\/masatermica.online\/blog\/index.php?rest_route=\/wp\/v2\/types\/page"}],"author":[{"embeddable":true,"href":"https:\/\/masatermica.online\/blog\/index.php?rest_route=\/wp\/v2\/users\/1"}],"replies":[{"embeddable":true,"href":"https:\/\/masatermica.online\/blog\/index.php?rest_route=%2Fwp%2Fv2%2Fcomments&post=1544"}],"version-history":[{"count":20,"href":"https:\/\/masatermica.online\/blog\/index.php?rest_route=\/wp\/v2\/pages\/1544\/revisions"}],"predecessor-version":[{"id":2888,"href":"https:\/\/masatermica.online\/blog\/index.php?rest_route=\/wp\/v2\/pages\/1544\/revisions\/2888"}],"wp:attachment":[{"href":"https:\/\/masatermica.online\/blog\/index.php?rest_route=%2Fwp%2Fv2%2Fmedia&parent=1544"}],"curies":[{"name":"wp","href":"https:\/\/api.w.org\/{rel}","templated":true}]}}